{"id":732,"date":"2023-09-20T09:59:27","date_gmt":"2023-09-20T07:59:27","guid":{"rendered":"https:\/\/reecol.komag.eu\/?page_id=732"},"modified":"2023-10-10T13:35:16","modified_gmt":"2023-10-10T11:35:16","slug":"home","status":"publish","type":"page","link":"https:\/\/elbio.komag.eu\/","title":{"rendered":"Home"},"content":{"rendered":"\n<div class=\"wp-block-group is-vertical is-layout-flex wp-container-core-group-is-layout-8cf370e7 wp-block-group-is-layout-flex\">\n<div class=\"wp-block-columns wp-container-content-1387b69e is-layout-flex wp-container-core-columns-is-layout-9d6595d7 wp-block-columns-is-layout-flex\" style=\"font-size:35px\">\n<div class=\"wp-block-column is-layout-flow wp-block-column-is-layout-flow\">\n<p>Monitorowanie parametr\u00f3w gleby i wody<\/p>\n\n\n<ul class=\"wp-block-latest-posts__list has-dates has-author alignwide wp-block-latest-posts has-medium-font-size\"><li><div class=\"wp-block-latest-posts__featured-image aligncenter\"><img loading=\"lazy\" decoding=\"async\" width=\"300\" height=\"200\" src=\"https:\/\/elbio.komag.eu\/wp-content\/uploads\/2023\/09\/monitorowanie193-300x200.jpg\" class=\"attachment-medium size-medium wp-post-image\" alt=\"\" style=\"\" srcset=\"https:\/\/elbio.komag.eu\/wp-content\/uploads\/2023\/09\/monitorowanie193-300x200.jpg 300w, https:\/\/elbio.komag.eu\/wp-content\/uploads\/2023\/09\/monitorowanie193-768x512.jpg 768w, https:\/\/elbio.komag.eu\/wp-content\/uploads\/2023\/09\/monitorowanie193.jpg 1020w\" sizes=\"auto, (max-width: 300px) 100vw, 300px\" \/><\/div><a class=\"wp-block-latest-posts__post-title\" href=\"https:\/\/elbio.komag.eu\/index.php\/2023\/09\/28\/monitorowanie-parametrow-gleby-i-wody\/\">Monitorowanie parametr\u00f3w gleby i wody<\/a><div class=\"wp-block-latest-posts__post-author\">przez Obs\u0142uga Kategorii 4<\/div><time datetime=\"2023-09-28T13:05:12+02:00\" class=\"wp-block-latest-posts__post-date\">2023-09-28<\/time><div class=\"wp-block-latest-posts__post-excerpt\">Monitorowanie parametr\u00f3w gleby i wody jest niezwykle wa\u017cne dla utrzymania zdrowej i zr\u00f3wnowa\u017conej \u015brodowiskowej r\u00f3wnowagi. Dzi\u0119ki systematycznemu pomiarowi takich parametr\u00f3w jak pH gleby, zawarto\u015b\u0107 wilgoci, sk\u0142ad chemiczny oraz poziom wody w rzekach i jeziorach, mo\u017cemy \u015bledzi\u0107 zmiany i identyfikowa\u0107 potencjalne problemy zwi\u0105zane z zanieczyszczeniem lub degradacj\u0105 \u015brodowiska. Te dane s\u0105 kluczowe dla rolnik\u00f3w, naukowc\u00f3w i<\/div><\/li>\n<\/ul><\/div>\n\n\n\n<div class=\"wp-block-column is-layout-flow wp-block-column-is-layout-flow\">\n<p>Stabilizacja ha\u0142d pog\u00f3rniczych przy u\u017cyciu element\u00f3w biodegradowalnych<\/p>\n\n\n<ul class=\"wp-block-latest-posts__list has-dates has-author alignwide wp-block-latest-posts has-medium-font-size\"><li><div class=\"wp-block-latest-posts__featured-image aligncenter\"><img loading=\"lazy\" decoding=\"async\" width=\"300\" height=\"200\" src=\"https:\/\/elbio.komag.eu\/wp-content\/uploads\/2023\/09\/stabilizacja195-300x200.jpg\" class=\"attachment-medium size-medium wp-post-image\" alt=\"\" style=\"\" srcset=\"https:\/\/elbio.komag.eu\/wp-content\/uploads\/2023\/09\/stabilizacja195-300x200.jpg 300w, https:\/\/elbio.komag.eu\/wp-content\/uploads\/2023\/09\/stabilizacja195-768x513.jpg 768w, https:\/\/elbio.komag.eu\/wp-content\/uploads\/2023\/09\/stabilizacja195.jpg 992w\" sizes=\"auto, (max-width: 300px) 100vw, 300px\" \/><\/div><a class=\"wp-block-latest-posts__post-title\" href=\"https:\/\/elbio.komag.eu\/index.php\/2023\/09\/28\/stabilizacja-hald-pogorniczych-przy-uzyciu-elementow-biodegradowalnych\/\">Stabilizacja ha\u0142d pog\u00f3rniczych przy u\u017cyciu element\u00f3w biodegradowalnych<\/a><div class=\"wp-block-latest-posts__post-author\">przez Obs\u0142uga Kategorii 3<\/div><time datetime=\"2023-09-28T13:05:37+02:00\" class=\"wp-block-latest-posts__post-date\">2023-09-28<\/time><div class=\"wp-block-latest-posts__post-excerpt\">Stabilizacja ha\u0142d pog\u00f3rniczych przy u\u017cyciu element\u00f3w biodegradowalnych to innowacyjna metoda poprawiania ekologicznego stanu teren\u00f3w po eksploatacji g\u00f3rniczej. Poprzez zastosowanie naturalnych materia\u0142\u00f3w biodegradowalnych, takich jak ro\u015bliny, s\u0142oma lub drewno, mo\u017cna zredukowa\u0107 erozj\u0119 i utrzyma\u0107 stabilno\u015b\u0107 teren\u00f3w ha\u0142d. Te elementy biodegradowalne nie tylko wspieraj\u0105 procesy przywracania przyrody, ale tak\u017ce pomagaj\u0105 w ochronie gleby i w\u00f3d gruntowych przed<\/div><\/li>\n<\/ul><\/div>\n\n\n\n<div class=\"wp-block-column is-layout-flow wp-block-column-is-layout-flow\">\n<p>Aplikacja bioodpad\u00f3w do gruntu<\/p>\n\n\n<ul class=\"wp-block-latest-posts__list has-dates has-author alignwide wp-block-latest-posts has-medium-font-size\"><li><div class=\"wp-block-latest-posts__featured-image\"><img loading=\"lazy\" decoding=\"async\" width=\"300\" height=\"200\" src=\"https:\/\/elbio.komag.eu\/wp-content\/uploads\/2023\/09\/bioodpady192-300x200.jpg\" class=\"attachment-medium size-medium wp-post-image\" alt=\"\" style=\"\" srcset=\"https:\/\/elbio.komag.eu\/wp-content\/uploads\/2023\/09\/bioodpady192-300x200.jpg 300w, https:\/\/elbio.komag.eu\/wp-content\/uploads\/2023\/09\/bioodpady192-768x512.jpg 768w, https:\/\/elbio.komag.eu\/wp-content\/uploads\/2023\/09\/bioodpady192.jpg 813w\" sizes=\"auto, (max-width: 300px) 100vw, 300px\" \/><\/div><a class=\"wp-block-latest-posts__post-title\" href=\"https:\/\/elbio.komag.eu\/index.php\/2023\/09\/28\/aplikacja-bioodpadow-do-gruntu\/\">Aplikacja bioodpad\u00f3w do gruntu<\/a><div class=\"wp-block-latest-posts__post-author\">przez Obs\u0142uga Kategorii 2<\/div><time datetime=\"2023-09-28T13:06:07+02:00\" class=\"wp-block-latest-posts__post-date\">2023-09-28<\/time><div class=\"wp-block-latest-posts__post-excerpt\">Wykorzystanie aplikacji bioodpad\u00f3w do gruntu to nowoczesna praktyka z zakresu recyklingu i rolnictwa, kt\u00f3ra przynosi liczne korzy\u015bci. Poprzez przekszta\u0142canie bioodpad\u00f3w, takich jak resztki jedzenia i materia\u0142y organiczne, w naturalne nawozy lub substancje poprawiaj\u0105ce struktur\u0119 gleby, mo\u017cna znacz\u0105co poprawi\u0107 jej jako\u015b\u0107. Aplikacja bioodpad\u00f3w wspomaga tak\u017ce procesy utrzymania wilgotno\u015bci i zachowania \u017cyzno\u015bci gruntu, co z kolei przek\u0142ada<\/div><\/li>\n<\/ul><\/div>\n\n\n\n<div class=\"wp-block-column is-layout-flow wp-block-column-is-layout-flow\">\n<p>System obiegu wody deszczowej<\/p>\n\n\n<ul class=\"wp-block-latest-posts__list has-dates has-author alignwide wp-block-latest-posts has-medium-font-size\"><li><div class=\"wp-block-latest-posts__featured-image aligncenter\"><img loading=\"lazy\" decoding=\"async\" width=\"300\" height=\"200\" src=\"https:\/\/elbio.komag.eu\/wp-content\/uploads\/2023\/09\/obieg194-300x200.jpg\" class=\"attachment-medium size-medium wp-post-image\" alt=\"\" style=\"\" srcset=\"https:\/\/elbio.komag.eu\/wp-content\/uploads\/2023\/09\/obieg194-300x200.jpg 300w, https:\/\/elbio.komag.eu\/wp-content\/uploads\/2023\/09\/obieg194-768x512.jpg 768w, https:\/\/elbio.komag.eu\/wp-content\/uploads\/2023\/09\/obieg194.jpg 936w\" sizes=\"auto, (max-width: 300px) 100vw, 300px\" \/><\/div><a class=\"wp-block-latest-posts__post-title\" href=\"https:\/\/elbio.komag.eu\/index.php\/2023\/09\/28\/system-obiegu-wody-deszczowej\/\">System obiegu wody deszczowej<\/a><div class=\"wp-block-latest-posts__post-author\">przez Obs\u0142uga Kategorii 1<\/div><time datetime=\"2023-09-28T13:06:28+02:00\" class=\"wp-block-latest-posts__post-date\">2023-09-28<\/time><div class=\"wp-block-latest-posts__post-excerpt\">System obiegu wody deszczowej to rozwi\u0105zanie, kt\u00f3re umo\u017cliwia gromadzenie i wykorzystywanie opad\u00f3w deszczu w celu zr\u00f3wnowa\u017conego zarz\u0105dzania zasobami wodnymi. Poprzez zbieranie wody deszczowej z dach\u00f3w budynk\u00f3w i kierowanie jej do specjalnych zbiornik\u00f3w lub system\u00f3w filtracyjnych, mo\u017cna j\u0105 wykorzysta\u0107 do r\u00f3\u017cnych cel\u00f3w, takich jak nawadnianie ogrod\u00f3w, sp\u0142ukiwanie toalet, czy te\u017c jako \u017ar\u00f3d\u0142o wody do cel\u00f3w przemys\u0142owych.<\/div><\/li>\n<\/ul><\/div>\n<\/div>\n\n\n\n<div aria-hidden=\"true\" class=\"wp-block-spacer wp-container-content-c86e52ed\"><\/div>\n\n\n\n<p class=\"has-black-color has-text-color has-large-font-size\">Streszczenie<\/p>\n\n\n\n<div style=\"height:0px\" aria-hidden=\"true\" class=\"wp-block-spacer wp-container-content-42c95ffb\"><\/div>\n\n\n\n<p>Ut suscipit finibus orci, quis ullamcorper nibh feugiat id. In justo augue, volutpat ac urna ut, venenatis tincidunt nibh. Donec vel est quis nunc maximus convallis. Sed elit purus, vestibulum posuere venenatis vitae, varius vitae augue. Orci varius natoque penatibus et magnis dis parturient montes, nascetur ridiculus mus. Nunc eget condimentum lorem. Vivamus hendrerit fringilla arcu quis tincidunt. Nunc ullamcorper dapibus ligula sed pharetra. Nullam mauris diam, tincidunt a ultrices ut, finibus non ex. Duis suscipit nec nunc ut facilisis. Curabitur varius id mi vel posuere. Aenean ultricies convallis arcu, eu vestibulum elit congue quis. Cras commodo sed diam sit amet luctus. Nulla id sem sagittis, rutrum nulla et, pretium nunc. Vivamus a placerat ex. Mauris dapibus nec purus quis interdum. Sed ultrices faucibus placerat. Donec molestie sit amet arcu ut mollis. Pellentesque nulla nisi, aliquam at vestibulum sit amet, laoreet a eros.<\/p>\n\n\n\n<div style=\"height:0px\" aria-hidden=\"true\" class=\"wp-block-spacer wp-container-content-728072c3\"><\/div>\n<\/div>\n\n\n\n<div class=\"wp-block-group is-vertical is-content-justification-left is-layout-flex wp-container-core-group-is-layout-e7b6d761 wp-block-group-is-layout-flex\">\n<p class=\"has-text-align-left has-black-color has-text-color has-large-font-size\">Cele projektu<\/p>\n\n\n\n<div style=\"height:0px\" aria-hidden=\"true\" class=\"wp-block-spacer wp-container-content-728072c3\"><\/div>\n\n\n\n<p style=\"font-size:16px\">Phasellus hendrerit quam nisl, at euismod leo scelerisque sit amet. Fusce sit amet consequat enim, non laoreet nulla. Nunc quis pharetra lacus, eget volutpat orci. Sed ultrices elit ut ligula sollicitudin, eu varius libero fringilla. Donec ac convallis leo. Curabitur tincidunt ultricies consectetur. Donec auctor finibus odio, ac consectetur ante iaculis eu. In hac habitasse platea dictumst. Suspendisse varius laoreet sem sit amet dignissim. Vivamus fringilla erat in orci condimentum, quis dapibus mi lacinia. Duis velit leo, semper non cursus id, dapibus ut risus.<\/p>\n\n\n\n<div style=\"height:0px;width:0px\" aria-hidden=\"true\" class=\"wp-block-spacer wp-container-content-6388d5dc\"><\/div>\n<\/div>\n","protected":false},"excerpt":{"rendered":"<p>Monitorowanie parametr\u00f3w gleby i wody Stabilizacja ha\u0142d pog\u00f3rniczych przy u\u017cyciu element\u00f3w biodegradowalnych Aplikacja bioodpad\u00f3w do gruntu System obiegu wody deszczowej Streszczenie Ut suscipit finibus orci, quis ullamcorper nibh feugiat id. In justo augue, volutpat ac urna ut, venenatis tincidunt nibh.<\/p>\n","protected":false},"author":9,"featured_media":941,"parent":0,"menu_order":0,"comment_status":"closed","ping_status":"closed","template":"","meta":{"footnotes":""},"class_list":["post-732","page","type-page","status-publish","has-post-thumbnail","hentry"],"_links":{"self":[{"href":"https:\/\/elbio.komag.eu\/index.php\/wp-json\/wp\/v2\/pages\/732","targetHints":{"allow":["GET"]}}],"collection":[{"href":"https:\/\/elbio.komag.eu\/index.php\/wp-json\/wp\/v2\/pages"}],"about":[{"href":"https:\/\/elbio.komag.eu\/index.php\/wp-json\/wp\/v2\/types\/page"}],"author":[{"embeddable":true,"href":"https:\/\/elbio.komag.eu\/index.php\/wp-json\/wp\/v2\/users\/9"}],"replies":[{"embeddable":true,"href":"https:\/\/elbio.komag.eu\/index.php\/wp-json\/wp\/v2\/comments?post=732"}],"version-history":[{"count":96,"href":"https:\/\/elbio.komag.eu\/index.php\/wp-json\/wp\/v2\/pages\/732\/revisions"}],"predecessor-version":[{"id":1172,"href":"https:\/\/elbio.komag.eu\/index.php\/wp-json\/wp\/v2\/pages\/732\/revisions\/1172"}],"wp:featuredmedia":[{"embeddable":true,"href":"https:\/\/elbio.komag.eu\/index.php\/wp-json\/"}],"wp:attachment":[{"href":"https:\/\/elbio.komag.eu\/index.php\/wp-json\/wp\/v2\/media?parent=732"}],"curies":[{"name":"wp","href":"https:\/\/api.w.org\/{rel}","templated":true}]}}